r when 125 is divided by d?
20
Let l be -219*(-6)/72*-4. Let h = 134 + l. Calculate the remainder when 120 is divided by h.
59
Calculate the remainder when 111 is divided by (-149 + 2)*(0 - -2)/(-6).
13
Let t(c) = c**3 - 20*c**2 - 74*c + 154. What is the remainder when 504 is divided by t(23)?
36
Let z(f) = 4*f**2 - 7*f. Let p = 37 - 30. What is the remainder when z(p) is divided by 25?
22
Suppose g = -0*g - 4*w + 195, 4*g = -3*w + 806. What is the remainder when g is divided by 51?
50
Let i(l) be the second derivative of l**5/20 - 5*l**4/12 + l**3/3 - l**2 + 5*l. Let b be i(4). Let q = b + 21. What is the remainder when 20 is divided by q?
9
Calculate the remainder when 493 is divided by (-126)/(-105)*80/12.
5
Let c = 14 + -10. Suppose -9 = c*f - 29. Suppose -3*j - 63 = -f*j + p, -3*j = 4*p - 67. Calculate the remainder when j is divided by 10.
9
Let n(i) = -2*i**3 - 7*i**2 - 3*i + 7. Let y be (16/(-6))/((-8)/(-12)). Calculate the remainder when n(y) is divided by 4.
3
Let j = 360 + -353. Calculate the remainder when (1/(-2))/(1/(-26)) is divided by j.
6
Let n = -613 + 667. Calculate the remainder when 265 is divided by n.
49
Let y(b) = b + 15. Let u be y(-5). Let q = -20 + 25. Suppose q = d - u. Calculate the remainder when 57 is divided by d.
12
Suppose 454 = -7*n + 503. Suppose -4*b = 4 - 12. What is the remainder when 249/6 + (-1)/b is divided by n?
6
Let q(h) = -h**3 - 25*h**2 + 13*h - 33. Calculate the remainder when q(-26) is divided by 17.
16
Let a(w) = w**3 + 8*w**2 + 10*w + 35. What is the remainder when 654 is divided by a(-6)?
43
What is the remainder when 3/(((-1)/4)/(47/(-4))) is divided by 8?
5
Suppose 84 = -4*k - 0*k. Calculate the remainder when -6*(9/k + (-58)/28) is divided by 4.
3
Let r = 8 + -6. Let n = r - 0. Suppose -n*z + 81 = -99. What is the remainder when z is divided by 23?
21
Let p(v) = -v**2 - 10*v - 6. Suppose -3*u = -160 - 122. What is the remainder when u is divided by p(-5)?
18
Let f(h) = h**2 + h. Let q be f(0). Suppose 2*n = -6, -n - 51 = -r - q*n. Calculate the remainder when 94 is divided by r.
46
Suppose -4*w = 5*l + 13, 0 = 3*w - 0*l - l - 14. Suppose 0 = 4*v - w*v - 11. What is the remainder when v is divided by 7?
4
Suppose -2*y + 78 = -0*y. Let i(c) = -c - 5. Let x be i(0). Calculate the remainder when y is divided by (-4)/1 + x*(-13 + 8).
18
Suppose 3*r + 2*r + 5*x = 155, r - 2*x = 28. Suppose 2*k + 5*o - r = 0, 0*k - o + 22 = 2*k. What is the remainder when 39 is divided by k?
9
Let d be (-120)/3*(-3)/2. Let a be 6/(-4)*d/18. What is the remainder when -236*((-10)/(-8))/a is divided by 15?
14
Let u(t) = 11*t**2 - 8*t + 16. Let j be u(5). Suppose 5*c - 3*y = -y + j, 2*c - 4*y = 110. Calculate the remainder when c is divided by 17.
15
Suppose 2*r - 151 = 3*i, -r = -i + 4*i - 89. What is the remainder when r is divided by (6/(-8))/(-11*(-7)/308) + 24?
17
Let g(m) = -m**2 + 12*m + 3. Let r be g(9). What is the remainder when 2920/r + (-2)/6 is divided by 20?
17
Suppose 3*y + 43 = -5*v, -v + 4*y - 2 = 2. What is the remainder when 31 is divided by (-7 - -8)/((-1)/v)?
7
Let v(l) = -l**3 - 4*l**2 - 7*l - 10. What is the remainder when 3/3*0 - -32 is divided by v(-4)?
14
Let f(q) = -q + 24. Let r be f(7). Suppose 0 = -3*s + 4*s + 1. Let c = r - s. What is the remainder when 53 is divided by c?
17
Let a(v) = 5*v**3 - 9 + v - 6*v**2 - 4*v**3 - 2*v**3 + 0*v**2. Let m be a(-6). Let o = m - -24. What is the remainder when 24 is divided by o?
6
Suppose -h - 5 - 9 = 0. Let b = h - -9. Let m = b + 8. What is the remainder when 11 is divided by m?
2
Let v(i) = -i**3 - 5*i**2 + 13*i - 2. Let r be v(-7). Suppose -r*p + 8 = -p, -2*z - 2*p + 18 = 0. Calculate the remainder when 20 is divided by z.
6
Let i(y) = y**2 + 3*y + 4. Let p be i(-6). Let b = 30 - p. Suppose b*c - 2*c = 366. What is the remainder when c is divided by 9?
7
Let z(q) = 4*q**2 + 32*q + 21. What is the remainder when z(-13) is divided by 88?
17
Let u(z) = 3*z**2 - 2*z + 14. Calculate the remainder when u(5) is divided by 9.
7
Let a = -854 + 1240. What is the remainder when a is divided by 3?
2
Let x(d) be the second derivative of 5*d**3/6 - d**2/2 - 34*d. Calculate the remainder when 11 - (0 - 1 - -2) is divided by x(1).
2
Calculate the remainder when 316 is divided by (-10)/(-45) - 2915/(-45).
56
Let p(h) = 3*h - 33. Calculate the remainder when p(26) is divided by 12.
9
Let m(o) = -o**3 - 30*o**2 + 82*o + 2. Calculate the remainder when m(-33) is divided by 63.
59
Let q = 333 + -142. Suppose 103 + q = 3*p + 3*w, -p + 5*w = -122. What is the remainder when p is divided by 27?
21
Suppose 0 = -h + 3*h - 86. Let i(c) = c**3 + 6*c**2 - 5*c - 15. What is the remainder when h is divided by i(-6)?
13
Suppose 0 = -3*g - h - 3, -g - 3*g + 9 = -3*h. Suppose -42 = -g*n - 3*n. Calculate the remainder when n is divided by -8*(-1 + (-3)/(-6)).
2
Let u(v) = v + 33. Let a(q) = 12*q + 153. Calculate the remainder when u(0) is divided by a(-12).
6
Let j(b) = -3*b**3 + 2*b + 1. Suppose 3*t = -t + 3*h - 23, -21 = -2*t - 5*h. Suppose -f + 36 = -26. What is the remainder when f is divided by j(t)?
20
Let q be (28/(-8) - -3)*-12. Let k = 4 - -4. What is the remainder when k is divided by q/5*(-100)/(-30)?
0
Suppose 444 = -17*i + 20*i. Let s = 162 - i. Calculate the remainder when s is divided by -2*(0 + (-5)/2).
4
Suppose -l = -2*l + 4. Suppose -6*v - 4*x = -v - 18, -l*x + 4 = -2*v. Suppose -v*b = 9 - 95. Calculate the remainder when b is divided by 22.
21
Let y = -267 + 306. Calculate the remainder when 117 is divided by y.
0
Let w be 131*2/(4/6*-3). Let b = -69 + 265. Let s = w + b. Calculate the remainder when s is divided by 17.
14
Suppose -3*j = 3, -10*j = -2*w - 5*j + 49. What is the remainder when 85 is divided by w?
19
Suppose -3*v - 5*q = -233, 0 = 2*v - 6*v - 3*q + 296. Suppose -4*c + 61 = 3*n, 0*c = 3*n - c - v. Calculate the remainder when n is divided by 6.
5
Suppose 3*m + 0*m - 2*b = 137, m = -3*b + 42. Let o = -31 + m. What is the remainder when 96 is divided by o?
12
Let b(p) = p**3 - 13*p**2 - 28*p - 23. What is the remainder when 78 is divided by b(15)?
1
Let k(j) = j**3 - 14*j**2 + 13*j + 4. Let y be k(13). Let x be (-4)/((-16)/y) - 1. Suppose 7*q - 5*q - 122 = x. What is the remainder when q is divided by 16?
13
Let v(b) = -39*b + 5. What is the remainder when v(-1) is divided by 27?
17
Let x = -10 - -17. Suppose 85 = 3*b - 6*y + 8*y, -5*b + 3*y = -148. Let c = b - 18. Calculate the remainder when c is divided by x.
4
Suppose 219 + 21 = 8*i. What is the remainder when i is divided by 12?
6
Suppose -233 = -3*d - 5*j, 2*d - 3*j - 170 = j. Let u = 173 - 145. What is the remainder when d is divided by u?
25
Let m(f) = f**3 - 9*f**2 - 3*f - 21. What is the remainder when m(10) is divided by 13?
10
Let j be (4/2)/((28/(-130))/(-7)). Let f = j - 54. What is the remainder when 40 is divided by f?
7
Let x = 1 - -1. Suppose -x*t + 25 = 3*t. What is the remainder when 7*(-54)/(-84)*2 is divided by t?
4
Let o be (0 - 2)*(-12)/(-8). Let h = -520 - -532. What is the remainder when h is divided by (-2 + o)*(-2 - -1)?
2
Suppose -2*y - y + 105 = -3*r, -r = -3*y + 101. Calculate the remainder when y is divided by (-6)/(-4)*(2 + 6).
9
Suppose -12*n - 92 + 1316 = 0. Calculate the remainder when n is divided by 5.
2
Let u(p) = -2 - 32*p + 19*p + 23*p. Calculate the remainder when 3*((-134)/(-6) - -1) is divided by u(2).
16
Let v(n) = 34*n + 1214. Calculate the remainder when v(-34) is divided by (-92)/(-6) + (-2)/6.
13
Let p be (-6 - -3)/(3/(-2)). Suppose 4*j - 36 = p*j. Calculate the remainder when 53 is divided by j.
17
Let s = 28 + -8. Suppose 4*r = 5*y - 23, 2*y - 3*r + 2 = -7*r. Calculate the remainder when s is divided by -3 + 12 - (y - 5).
9
Let i(v) be the first derivative of v**4/4 + 13*v**3/3 + 27*v**2/2 + 14*v + 21. What is the remainder when i(-8) is divided by 30?
28
Suppose 5*a - 5*t = 250, 8*a + 4*t = 5*a + 129. Suppose 48 + 53 = 3*v + 4*z, -5*v + 4*z + 115 = 0. Calculate the remainder when a is divided by v.
20
Let q = 1 + 6. Let u(k) = k**2 - k - 2. Let j be u(7). Suppose -2*c + j = -0*c. Calculate the remainder when c is divided by q.
6
Suppose -1 = 10*t - 11*t. Calculate the remainder when (-1)/(-1) - (t + -25) is divided by 13.
12
Let h = -209 + 25